111001?
10001011100101000000110100
In base 3, what is 0 + -12212011200222110?
-12212011200222110
In base 14, what is 35529 - 5d7?
34d32
In base 2, what is 0 + 11000010011101001100010?
11000010011101001100010
In base 13, what is 8b8296 + 0?
8b8296
In base 14, what is -5 + -2144054?
-2144059
In base 4, what is -3120322322 + 312?
-3120322010
In base 14, what is 2355b7 + 1?
2355b8
In base 8, what is -703472557 + 6?
-703472551
In base 15, what is -112 + -97e?
-a91
In base 4, what is 1113023002233 - -11?
1113023002310
In base 2, what is -10110 - -101111010100010011111?
101111010100010001001
In base 5, what is 2322 + 2213041?
2220413
In base 9, what is -10 - -40868161?
40868151
In base 5, what is 302 - 40304032?
-40303230
In base 15, what is 194b554 - 2?
194b552
In base 6, what is 203340 + -425055?
-221315
In base 5, what is -103404 + -121102?
-230011
In base 2, what is 1111 + -111100101000010000?
-111100101000000001
In base 10, what is 99 + 102367?
102466
In base 14, what is -8c2 + -4b2?
-d94
In base 2, what is -11 - -1111001001011001111?
1111001001011001100
In base 3, what is 1012220201211222 - 2?
1012220201211220
In base 13, what is 146b51 - -1?
146b52
In base 3, what is -12001112 + -10212?
-12012101
In base 9, what is -1400512 + 581?
-1388821
In base 2, what is 11 + 1010000000110011011000100100?
1010000000110011011000100111
In base 13, what is -4b5bc14a - -2?
-4b5bc148
In base 9, what is 65666 - -128?
65805
In base 13, what is -5 + -3182642?
-3182647
In base 13, what is -478319 + 2?
-478317
In base 5, what is -3344 - 3413301?
-3422200
In base 12, what is -1142 + -20065?
-211a7
In base 16, what is -51f29 - -8?
-51f21
In base 2, what is 101011110110 - 100110000100110110?
-100101011001000000
In base 11, what is -69908 + 29a?
-69619
In base 7, what is -53662465 - -112?
-53662353
In base 11, what is 138616 + -467?
13815a
In base 9, what is -1171380253 + 4?
-1171380248
In base 7, what is -3161450 + -1?
-3161451
In base 10, what is -5486 - -1410?
-4076
In base 13, what is 18147b68 - -1?
18147b69
In base 6, what is -3 + 45013125?
45013122
In base 2, what is 10001110000 - 10101101100101?
-10011011110101
In base 10, what is -11 + -1368891?
-1368902
In base 2, what is 11100 - 1111011010110101?
-1111011010011001
In base 6, what is 124304411 + -212?
124304155
In base 11, what is 46a59129 - -4?
46a59132
In base 13, what is c - 9050a?
-904cb
In base 12, what is -3 - 40a8061?
-40a8064
In base 15, what is -41a - be?
-4d9
In base 3, what is 120020121002 - 12110?
120020101122
In base 3, what is 121121110 - -202101?
122100211
In base 6, what is 122254 - 4113?
114141
In base 16, what is -60 + -12c8c?
-12cec
In base 15, what is 61 - -46879d?
46880e
In base 3, what is -202021121211201 - 11?
-202021121211212
In base 16, what is -64e74e9 - 4?
-64e74ed
In base 9, what is -30635144 - 2?
-30635146
In base 15, what is -a758d45 - 5?
-a758d4a
In base 6, what is -21054 + -13325?
-34423
In base 12, what is 54 - 48523?
-4848b
In base 16, what is -12dc235 + 1?
-12dc234
In base 14, what is 122da32 - 0?
122da32
In base 8, what is 2210464 + -16?
2210446
In base 12, what is -102 - -255012?
254b10
In base 4, what is 3 + 1030223110111?
1030223110120
In base 3, what is -100100111122001 - -112?
-100100111121112
In base 11, what is -7805a7 - 108?
-780704
In base 11, what is -7aa7830 + -5?
-7aa7835
In base 14, what is -45 + -97d6a0?
-97d705
In base 14, what is -22d25ad - -7?
-22d25a6
In base 6, what is -1040421 + 4010?
-1032411
In base 12, what is 4914 + -1697?
3239
In base 6, what is 11455412052 - 2?
11455412050
In base 13, what is -460cc6c7 + 4?
-460cc6c3
In base 8, what is -10 + -3752613?
-3752623
In base 7, what is -14301 + 1516?
-12452
In base 12, what is -310696 - 999?
-311473
In base 15, what is -93c7 + -478?
-9850
In base 16, what is -8b1 - cb?
-97c
In base 5, what is 0 - -3444112323?
3444112323
In base 10, what is -221857510 + 2?
-221857508
In base 11, what is -89 - -a9683?
a95a5
In base 13, what is 5 + 45a882c?
45a8834
In base 16, what is 17 + -c632c?
-c6315
In base 10, what is -8057140 + 1?
-8057139
In base 7, what is -10 - 11241156?
-11241166
In base 16, what is 21be + 3d?
21fb
In base 3, what is 1010221221 - 112010221?
121211000
In base 7, what is -53 + 2132543?
2132460
In base 13, what is -15c2b + -c0?
-1601b
In base 3, what is -1020110201010 + -1020?
-1020110202100
In base 12, what is -110b5a70 + 2?
-110b5a6a
In base 14, what is -2 - 3c53c2?
-3c53c4
In base 13, what is b9112 + -b1?
b9031
In base 13, what is -25a3 + -453?
-2a26
In base 12, what is 4 - 36227458?
-36227454
In base 9, what is -70204144 - 0?
-70204144
In base 15, what is 4 + 249032e?
2490333
In base 8, what is 7423062 - -10?
7423072
In base 8, what is -536572 - -64?
-536506
In base 16, what is 5af56a + 5?
5af56f
In base 6, what is -141400230 - -4?
-141400222
In base 16, what is -4cd - -35?
-498
In base 12, what is 21228832 + 0?
21228832
In base 15, what is -8d - -104b4?
10426
In base 13, what is 27 + -30470?
-30446
In base 6, what is 341320015 + 3?
341320022
In base 10, what is -2 - 50771878?
-50771880
In base 15, what is -2b0 - 13284?
-13544
In base 10, what is 67902 + 799?
68701
In base 5, what is 1111404243 + -23?
1111404220
In base 11, what is 65a972 - a7?
65a876
In base 10, what is -99143 + 19?
-99124
In base 12, what is -836363 + -9?
-836370
In base 14, what is 3 - 7a148a?
-7a1487
In base 10, what is 364189 + -68?
364121
In base 15, what is 5364db4 - 5?
5364dae
In base 7, what is 2 + 14654331?
14654333
In base 5, what is 4 + 12320332201?
12320332210
In base 11, what is -124 - -503264?
503140
In base 3, what is -2 + -102010110112121?
-102010110112200
In base 2, what is -11100010 + 101110111100?
101011011010
In base 16, what is -55660f0 + -2?
-55660f2
In base 8, what is -65751634 + 4?
-65751630
In base 8, what is 5564 + 151711?
157475
In base 8, what is 12324523 + -4?
12324517
In base 13, what is 62a4bb2 + 2?
62a4bb4
In base 13, what is -1 + -699778?
-699779
In base 14, what is 2 - 2615751?
-261574d
In base 7, what is 1 - -53446634?
53446635
In base 13, what is -12b8c07 + -17?
-12b8c21
In base 8, what is 5 + 550450231?
550450236
In base 15, what is -23 + c73de?
c73bb
In base 16, what is 4 - 5542d9a?
-5542d96
In base 14, what is db + 8a9?
9a6
In base 10, what is 5 + 22891852?
22891857
In base 15, what is 15d - c541?
-c3d3
In base 2, what is -1111000010011101011 - 1011?
-1111000010011110110
In base 7, what is 146520 - 2614?
143603
In base 15, what is -7974aa - -4?
-7974a6
In base 16, what is -16 - 4ff88?
-4ff9e
In base 3, what is 1211222021021011 - -112?
1211222021021200
In base 10, what is 1425 - 538602?
-537177
In base 11, what is 97972 + -30?
97942
In base 11, what is 253a351 - -4?
253a355
In base 13, what is -4004b9 - 20?
-400509
In base 11, what is 6aa + 9986?
a585
In base 15, what is -1bc6 - a76?
-274c
In base 8, what is 2 + -635267727?
-635267725
In base 4, what is -1 - -11122100223313?
11122100223312
In base 8, what is 2 - -154463442?
154463444
In base 7, what is -21632246665 - -1?
-21632246664
In base 11, what is -35905 - -18a?
-35726
In base 5, what is 313444 - 2?
313442
In base 15, what is -e6ba + 1c7e?
-c93b
In base 12, what is -6bb25b - -ba?
-6bb161
In base 3, what is -11 + -101101020002022?
-101101020002110
In base 3, what is 1221 - -11211222012100?
11211222021021
In base 8, what is 65473 - -22?
65515
In base 6, what is -323030240 + -3?
-323030243
In base 11, what is a5064 - -57?
a5110
In base 14, what is 71 - -148936?
1489a7
In base 5, what is -41341 + -20020032?
-20111423
In base 4, what is -2123023023000 - 0?
-2123023023000
In base 13, what is 1 + 10aaa0?
10aaa1
In base 11, what is 10a9 - -27a3?
38a1
In base 4, what is -111 - -111210?
111033
In base 5, what is 1032201224 + 12?
1032201241
In base 14, what is -2752c0 + -217?
-2754d7
In base 6, what is 133 + 21053204?
21053341
In base 15, what is -1c50e9 - -164?
-1c4e85
In base 3, what is 10002221111 + -2201121?
10000012220
In base 15, what is 3c2eba - -1d?
3c2ed8
In base 3, what is -10 - -10110202111100?
10110202111020
In base 13, what is a902344 + -3?
a902341
In base 4, what is 230200312003 + 21?
230200312030
In base 5, what is -4042303 + 314?
-4041434
In base 5, what is 104 + 24241013003?
24241013112
In base 14, what is 909d2b1 - -3?
909d2b